dred thousands digit of 13364268?
3
What is the ten thousands digit of 902349607?
4
What is the units digit of 129068528?
8
What is the thousands digit of 3224488651?
8
What is the millions digit of 225857573?
5
What is the ten thousands digit of 165401846?
0
What is the ten millions digit of 53830296?
5
What is the tens digit of 107372735?
3
What is the thousands digit of 228358464?
8
What is the ten thousands digit of 3326901203?
0
What is the tens digit of 45546150?
5
What is the units digit of 18769434?
4
What is the units digit of 4055033157?
7
What is the hundred thousands digit of 221767128?
7
What is the hundreds digit of 705630301?
3
What is the millions digit of 258096664?
8
What is the hundreds digit of 12542743?
7
What is the hundred millions digit of 239409402?
2
What is the billions digit of 9692136666?
9
What is the tens digit of 1013312181?
8
What is the tens digit of 26525225?
2
What is the ten thousands digit of 685500933?
0
What is the hundred thousands digit of 379164425?
1
What is the ten millions digit of 2503225500?
0
What is the tens digit of 78983595?
9
What is the ten millions digit of 4045967469?
4
What is the ten millions digit of 774811463?
7
What is the tens digit of 88073111?
1
What is the thousands digit of 1174917169?
7
What is the thousands digit of 374070332?
0
What is the ten thousands digit of 92423280?
2
What is the ten millions digit of 269356200?
6
What is the millions digit of 52042657?
2
What is the tens digit of 42910205?
0
What is the units digit of 165129358?
8
What is the units digit of 3032244476?
6
What is the hundred millions digit of 354221022?
3
What is the ten millions digit of 1234186827?
3
What is the thousands digit of 22699609?
9
What is the thousands digit of 952410420?
0
What is the hundred millions digit of 101556373?
1
What is the tens digit of 5960448053?
5
What is the hundred millions digit of 213808405?
2
What is the units digit of 101800475?
5
What is the thousands digit of 36343476?
3
What is the thousands digit of 245014541?
4
What is the hundred thousands digit of 1289100277?
1
What is the hundred thousands digit of 37204591?
2
What is the ten millions digit of 395093139?
9
What is the hundred thousands digit of 672517904?
5
What is the millions digit of 714409227?
4
What is the thousands digit of 405861047?
1
What is the ten thousands digit of 26946450?
4
What is the ten millions digit of 983321489?
8
What is the hundreds digit of 307544125?
1
What is the millions digit of 39819050?
9
What is the units digit of 244106950?
0
What is the units digit of 628132449?
9
What is the thousands digit of 10790652?
0
What is the tens digit of 1199004825?
2
What is the ten millions digit of 442408074?
4
What is the hundred thousands digit of 93408310?
4
What is the thousands digit of 1773466790?
6
What is the ten thousands digit of 858332937?
3
What is the ten millions digit of 1761751964?
6
What is the ten millions digit of 568060770?
6
What is the hundred thousands digit of 113702210?
7
What is the hundred millions digit of 701338748?
7
What is the thousands digit of 10967300?
7
What is the ten thousands digit of 105090891?
9
What is the thousands digit of 43557278?
7
What is the thousands digit of 99598810?
8
What is the tens digit of 283193814?
1
What is the hundred millions digit of 308201664?
3
What is the thousands digit of 138264635?
4
What is the hundred millions digit of 825198788?
8
What is the millions digit of 385609771?
5
What is the ten millions digit of 650033654?
5
What is the hundred thousands digit of 305570337?
5
What is the ten millions digit of 2419079666?
1
What is the tens digit of 418812710?
1
What is the hundreds digit of 2857766626?
6
What is the thousands digit of 27302938?
2
What is the millions digit of 706736184?
6
What is the tens digit of 3086687501?
0
What is the units digit of 9930954?
4
What is the hundred thousands digit of 23916154?
9
What is the hundreds digit of 120793459?
4
What is the tens digit of 29706549?
4
What is the tens digit of 847572706?
0
What is the units digit of 5364733161?
1
What is the hundred thousands digit of 214376724?
3
What is the units digit of 26472470?
0
What is the hundred thousands digit of 132842311?
8
What is the millions digit of 14278202?
4
What is the ten millions digit of 1075194232?
7
What is the units digit of 70180832?
2
What is the hundred thousands digit of 5051268?
0
What is the hundred thousands digit of 129491551?
4
What is the billions digit of 2270114413?
2
What is the hundred millions digit of 174682187?
1
What is the hundred thousands digit of 617599711?
5
What is the thousands digit of 305740397?
0
What is the hundred thousands digit of 229922212?
9
What is the tens digit of 1408363210?
1
What is the ten millions digit of 85792751?
8
What is the hundred thousands digit of 11068259?
0
What is the hundreds digit of 161129558?
5
What is the thousands digit of 3268222019?
2
What is the millions digit of 112489558?
2
What is the tens digit of 52225993?
9
What is the ten millions digit of 22996436?
2
What is the millions digit of 4516335870?
6
What is the units digit of 20701888?
8
What is the millions digit of 1061118854?
1
What is the hundred millions digit of 346352469?
3
What is the millions digit of 963405822?
3
What is the hundreds digit of 16351026?
0
What is the tens digit of 103264589?
8
What is the thousands digit of 262385954?
5
What is the thousands digit of 946651584?
1
What is the ten thousands digit of 3667164154?
6
What is the hundred millions digit of 683956824?
6
What is the hundred thousands digit of 41085745?
0
What is the ten thousands digit of 213473493?
7
What is the hundred thousands digit of 2763111470?
1
What is the ten millions digit of 812492618?
1
What is the ten millions digit of 6332095187?
3
What is the units digit of 2932122109?
9
What is the hundred millions digit of 165783636?
1
What is the hundreds digit of 4153025405?
4
What is the hundred thousands digit of 5922671106?
6
What is the ten millions digit of 295846602?
9
What is the thousands digit of 2974867036?
7
What is the units digit of 58507374?
4
What is the ten thousands digit of 42104894?
0
What is the units digit of 40551098?
8
What is the millions digit of 9554427?
9
What is the hundred thousands digit of 83522216?
5
What is the hundreds digit of 1071733225?
2
What is the hundreds digit of 2009345837?
8
What is the hundred millions digit of 1663131620?
6
What is the hundreds digit of 117319446?
4
What is the tens digit of 4690046358?
5
What is the millions digit of 5073592371?
3
What is the millions digit of 69524135?
9
What is the thousands digit of 61285497?
5
What is the hundred millions digit of 504358975?
5
What is the hundred thousands digit of 807868668?
8
What is the ten millions digit of 53822560?
5
What is the ten millions digit of 41339064?
4
What is the units digit of 905259716?
6
What is the ten thousands digit of 293728840?
2
What is the ten thousands digit of 63050887?
5
What is the millions digit of 185021681?
5
What is the tens digit of 436973335?
3
What is the hundreds digit of 108619734?
7
What is the hundreds digit of 620980223?
2
What is the hundred millions digit of 264258392?
2
What is the hundred thousands digit of 1024306138?
3
What is the ten millions digit of 131299624?
3
What is the units digit of 1886906392?
2
What is the hundreds digit of 89413861?
8
What is the units digit of 71022440?
0
What is the hundreds digit of 671019716?
7
What is the ten millions digit of 30555895?
3
What is the hundred thousands digit of 71520205?
5
What is the thousands digit of 77032377?
2
What is the units digit of 525365311?
1
What is the tens digit of 116244406?
0
What is the thousands digit of 82128387?
8
What is the hundred thousands digit of 12481532?
4
What is the hundreds digit of 357619665?
6
What is the ten millions digit of 92377970?
9
What is the ten millions digit of 4426911386?
2
What is the thousands digit of 1578269034?
9
What is the hundreds digit of 4846015?
0
What is the hundred millions digit of 3241887496?
2
What is the ten thousands digit of 724481413?
8
What is the ten thousands digit of 53177523?
7
What is the millions digit of 49150115?
9
What is the ten thousands digit of 12280